a prime number?
True
Let r be (45/2)/(-1) + 4/(-8). Let a(d) = 2*d**2 + 6*d + 31. Is a(r) a composite number?
True
Suppose -68*k = -61*k - 24997. Is k prime?
True
Suppose -3*u + 10116 = 29*x - 26*x, 4*x - 13481 = 3*u. Is x prime?
True
Let b(t) = -t**2 + 22*t + 59. Let m be b(24). Let d(y) = 898*y - 15. Is d(m) prime?
False
Let j(s) = -6*s**3 + 2*s**2 - 124*s - 87. Is j(-20) composite?
False
Suppose 32*y + 3222 = 50*y. Suppose 5856 = 5*k - y. Is k a composite number?
True
Let i(c) = -2*c**3 - 92*c**2 - 110*c - 2065. Is i(-62) composite?
False
Suppose -k - 6 = -y, -3*y = -0*k - k - 10. Suppose 2*b - 7*b - 5*o = -18485, 3*b = y*o + 11076. Is b composite?
True
Let v = 103989 - -319800. Is v prime?
False
Let q = 595 - 544. Is (17/q)/((-3)/(-1107)) composite?
True
Suppose 0 = 11*f - 8*f - 6. Suppose f*w + 2*x = 5154, w + 5162 = 3*w - 2*x. Is w a prime number?
True
Let x(a) = -a**3 - 13*a**2 - 23*a - 6. Let q be x(-11). Suppose -w = 3, -j + q*w - 8484 = -4*j. Is j composite?
False
Let p be ((-16)/(-10))/((-26)/(-15275)). Let j(x) = -2*x - 10. Let m be j(-5). Suppose m = f - p - 109. Is f a composite number?
False
Let r = -89151 - -140421. Suppose -24*s - 6*s = -r. Is s prime?
True
Suppose -8*d = -105960 - 165392. Is d composite?
True
Let l(r) = -91218*r - 2507. Is l(-2) composite?
True
Let h be 4*((-140)/(-8) - -3). Let n = 82 - h. Suppose -4*x = -n*x - 124. Is x composite?
False
Let z be (-4)/14 + (-6 - 570/(-35)). Suppose 15*l - z*l - 45155 = 0. Is l a prime number?
False
Let u(d) = 4*d**2 - 83*d - 2036. Is u(-63) a composite number?
False
Suppose -5*n - 5*b = -318500, 41*n + 5*b = 45*n - 254827. Is n a prime number?
True
Let y(h) be the first derivative of -225*h**2 + 187*h - 31. Is y(-18) a prime number?
True
Let k(x) = 324*x**3 + 5*x**2 - 23*x + 61. Is k(5) composite?
True
Let n = 82856 - 11925. Is n a composite number?
True
Suppose 0 = 3*x + 8 - 20. Suppose -20*v + 21872 = -x*v. Is v prime?
True
Let d = 245 - 254. Let l(y) = -856*y - 75. Is l(d) prime?
False
Let v(f) = f**2 - 15*f + 11. Let s be v(14). Let q be 1083/(-1)*2/s. Let y = -431 + q. Is y prime?
False
Suppose 0 = 107*z - 4857901 - 8941782. Is z composite?
False
Suppose -y - 14 = -0*a + 2*a, 0 = 5*y + 3*a + 105. Let b(q) = 7*q**2 - 23*q + 119. Is b(y) composite?
False
Let n be 4 - (-2 - (4 + 0)/(-2)). Suppose -n*x = -0*x - 8. Suppose 2*l - 800 = -2*d, -5*d - l + 1982 = -x*l. Is d a prime number?
True
Suppose -2*j - 4*i - 18 = 0, j + 7 + 6 = -4*i. Let g = j - -117. Suppose 443 + g = 3*p. Is p prime?
False
Suppose 0 = 49*g - 60 - 87. Suppose 14580 + 19176 = 3*p + g*c, 3*p + 5*c = 33758. Is p composite?
False
Let g(u) = u**2 + 14*u + 24. Let j be g(-12). Let c be j + (-6)/12 - 5/(-2). Suppose m = -2*b - c*m + 979, -b + 3*m = -494. Is b a prime number?
True
Let i(j) = -196*j**3 - 6*j**2 - 8*j - 31. Is i(-5) a composite number?
False
Is (8 - 4326645/60)/(3/(-4)) prime?
True
Let l = -377 - -6041. Let y = l - 2573. Is y composite?
True
Let r be (-3 - -5 - -2) + 6782/2. Suppose -102*i + 97*i + r = 0. Is i a prime number?
False
Let z = -552 + 909. Suppose -5*u - 3*l + 1743 = l, -5*l = u - z. Let r = 684 - u. Is r prime?
True
Let q(f) = 0 + 3*f - 1 + 3*f**2 + 6 + 2*f**3 - f**3. Let r be q(-2). Suppose 1014 = r*k - 333. Is k prime?
True
Suppose 0 = -d + 3667 + 8302. Is d a prime number?
True
Suppose 3478069 = 4*n + 3*i, 137 = 3*i + 152. Is n prime?
True
Let f be (8 - -2)/(-5) + -2 - -57523. Suppose -22*o = -f - 7139. Is o a prime number?
True
Let m(z) = 14. Let x(i) = -i + 13. Let u(y) = 2*m(y) - 3*x(y). Let k be u(4). Is (k/4)/(24/66336) prime?
True
Suppose -2 - 16 = -5*k - i, -2*i + 9 = k. Let a(g) = 59*g**2 - 9*g - 3. Let u(h) = -60*h**2 + 10*h + 4. Let z(x) = 7*a(x) + 6*u(x). Is z(k) a composite number?
True
Let o(w) = -27. Let a(d) = d - 1. Let l(m) = 3*a(m) + o(m). Let r be l(16). Suppose 12*s - r*s = -3894. Is s prime?
False
Suppose -2*j + 0*j - 2 = 0. Let p be (4 + j - 2)*-1. Is (p + -1)/((-14)/42) prime?
False
Let z = 6237 + -9375. Is 1*-35*(-8)/((-240)/z) composite?
True
Suppose 10*m + 5*m = 240. Suppose -7070 + 33582 = m*b. Is b a composite number?
False
Suppose -23*g + 20*g + 12 = 0. Suppose -10*y + 8*y = g. Is 213 + (y - 0) + 0 prime?
True
Suppose 6*d - d = 35. Suppose -m = j - 15, -m + 2 = -2*j - d. Let q(u) = 30*u + 5. Is q(m) a prime number?
False
Suppose -4*u = -5*l - 69 + 539, 0 = -2*l + 4*u + 200. Suppose -t + 105 = 5*a, -t - t = -5*a + l. Is 1004*1*5/a a prime number?
True
Suppose 0 = 2*h - 3*b - 23524, 8 = b + 6. Let x = 16516 - h. Is x composite?
False
Suppose w - 86897 = 4*n, 0 = 2*w - 4*n + 5*n - 173821. Is w a prime number?
False
Let f(y) = -y**2 - 29*y - 77. Let a = 313 + -317. Is f(a) prime?
True
Let y(p) = 66028*p - 9145. Is y(8) a composite number?
True
Let u = -53567 + 192858. Is u composite?
False
Let g(j) = 684*j**2 + 151*j + 3186. Is g(-19) composite?
False
Let i = 230117 - 78578. Is i a prime number?
False
Is 34737*2/9 - 2576/1104 a prime number?
True
Suppose -15*u + 13*u = 2*z + 2, 3*z = u - 11. Suppose 17229 = u*o + 2*l - 1251, 4*l = -5*o + 46195. Is o a composite number?
True
Let g = 0 + 17. Let q be (-4)/6*(-102)/g. Suppose 3*f + 5*j - 618 = -0*f, q*j - 199 = -f. Is f composite?
False
Suppose 2*z + 18 = 6. Let l be 28/z*306/(-7). Let o = 767 + l. Is o a prime number?
True
Let j = -101071 - -172638. Is j a prime number?
False
Let i(m) = -4*m + 37. Let t be i(15). Is t/(-6 + 519/87) prime?
False
Let z(h) = 3934*h + 1739. Is z(33) a prime number?
True
Let z(a) = -a**3 - a + 59. Suppose -2*i - 2*i = -8*i. Is z(i) composite?
False
Suppose -i - c - 117 = -3*i, 5*i - 5*c - 295 = 0. Suppose 0 = i*k - 57*k. Suppose -p + 4*t + 141 = k, 3*p - 274 = p + 4*t. Is p a prime number?
False
Suppose 4*s = -2*i + 54062, -10 - 8 = -3*s. Is i composite?
True
Let t(l) = 91565*l**2 - 641*l + 2581. Is t(4) a prime number?
False
Let a(z) be the second derivative of z**5/20 + 2*z**4 - 5*z**3/2 + 15*z**2/2 - 13*z - 2. Is a(-23) composite?
True
Let g = 161381 + 75825. Is g a prime number?
False
Is 0 + 348205 - (-488)/(-244) composite?
True
Let b = 35 + -38. Is 21/b*1 - -12354 a composite number?
False
Let u = 4227 + -2173. Let s = 16435 + u. Is s prime?
False
Let b(r) = 2*r**3 + 18*r**2 - 17*r - 2. Let v = 51 - 66. Let t be b(v). Let g = -1704 - t. Is g composite?
False
Let f = 84154 - 38921. Is f a prime number?
True
Let k(u) = 4*u**3 + 20*u**2 - 83*u + 167. Is k(30) a prime number?
True
Let c(v) = v**2 - 14*v + 26. Let n be c(12). Is (-444686)/(-116) + n/(-4) a prime number?
True
Let m(k) = 7*k + 15. Let g be m(-5). Let o be ((-72)/(-30))/(3/g). Is o/4 + 5 + 88 a composite number?
False
Suppose 322554 = -113*r + 115*r. Is r prime?
False
Let s(k) = 2*k**2 + 5*k - 34. Let f be s(5). Let z(h) = h**3 - 38*h**2 - 86*h - 4. Is z(f) a composite number?
True
Let q(z) = -8*z + 3303*z**2 - 4*z - 3*z - 3312*z**2 - z**3 + 31. Is q(-18) a composite number?
False
Suppose -6*w + 2*u = -2*w - 3574, 4469 = 5*w - 3*u. Let c be 12/(-21) + (-512)/(-14). Suppose 38*i - c*i - w = 0. Is i composite?
True
Let l(o) = o**3 - 15*o**2 + 6*o + 37. Let h(y) = 3*y**2 + 11*y + 8. Let q be h(-4). Suppose 232 = q*a + 52. Is l(a) composite?
False
Let v = -31581 - -79478. Is v a prime number?
False
Suppose 36*a - 18083133 - 11322063 = 0. Is a composite?
False
Let s be (1/(-2))/((1 - 6)/(-170)). Let o(f) = f**3 + 38*f**2 + 22*f + 84. Is o(s) prime?
True
Let o(q) = -2*q**2 + 9*q + 4. Let i be o(5). Is i - (5 + 6814/(-2)) prime?
False
Let b = 5393 + -1876. Suppose 0 = 4*s + 3*q - 2795, 5*s + q - 5*q - b = 0. Let y = s + 36. Is y composite?
True
Is (-14 - -10631 - -19)*22/8 a composite number?
True
Suppose -88 = -4*g + j, 3*g - 7*g + 100 = -4*j. Suppose -g*u = -98004 + 25911. Is u prime?
True
Let p be 5 + (2 - 0) + 1. Let g be (-7)/((-140)/p)*5. Suppose 5*j = -3*i + g*i + 289, 3*i = -5*j + 917. Is i composite?
True
Let q = -59707 - -157380. Is q a prime number?
True
Let n(j) = -12*j**3 + 2*j - j - 6 + 16 + 5*j**2 - 17*j**3. Let y be n(5). Let f = 6432 + y. Is f prime?
False
Suppose -3*m - 3 = 6, -3*z + 5*m = -6201. Let y = -839 + z. Let b = y + -678. Is b composite?
True
Let k(c) = 346*c**3 + 8*c**2 + 5*c - 43. Is k(6) a prime number?
True
Is (-11 + 51)/(-4) + 18209 composite?
False
Let h be (3 + 3)/(1/(21/(-6))). Let x